 - 3*v. List the prime factors of z(-6).
2, 3, 47
Let a(p) = p**2 - 18*p - 69. Suppose -26*j - 126 = -20*j. List the prime factors of a(j).
2, 3, 5
Let f be 75440/(-110) - (18/(-22) - -1). Let v = f - -1963. List the prime factors of v.
1277
Suppose -6*k = 79 + 11. List the prime factors of ((-1040)/k)/((-8)/(-3) - 2).
2, 13
Let b(y) = 3*y**3 - 19*y**2 - 12 - 12*y - 6 - 5*y**3. List the prime factors of b(-11).
3, 53
Let u(v) = -2*v**2 + 160*v - 34. What are the prime factors of u(70)?
2, 683
Let t = 2887 + 5715. What are the prime factors of t?
2, 11, 17, 23
Let o be (-7 - 0)/(15 + -14). Let g = o - -92. Suppose s - g = 4*d + 53, s - d = 132. What are the prime factors of s?
2, 5, 13
Let p = -594 - -422. Let l = 352 + p. List the prime factors of l.
2, 3, 5
Let t(p) = -p**3 + 6*p**2 - 17*p + 1. Let c(j) = -2*j**3 + 11*j**2 - 35*j + 2. Let o(i) = 3*c(i) - 7*t(i). What are the prime factors of o(10)?
239
Let t(u) = -26*u + 102. Let l be t(11). Let s = 533 + l. What are the prime factors of s?
349
Let r = 23296 - 11620. Suppose -15*k = 6*k - r. What are the prime factors of k?
2, 139
Let p be ((-12)/(-30))/(2/80). Suppose 5*t - 16 + p = 0. Suppose t = -8*r + 12*r - 296. List the prime factors of r.
2, 37
Let d = -262 - -130. Let t = 11 - d. Suppose n - 4*g = 71, 0 = 4*n + g - 427 + t. What are the prime factors of n?
71
List the prime factors of (1 - -1 - -9820)*16/((-1056)/(-253)).
23, 1637
Suppose -36*q = -18*q + 20*q - 1069776. What are the prime factors of q?
2, 3, 17, 23
Let n be 20/(-45)*3*(-279)/6. Suppose -3*h - 3*r - 99 = 0, 0*h - 2*r + n = -2*h. What are the prime factors of 184 + 1/2*h/4?
2, 3, 5
List the prime factors of -2 - (-10 + 6 + -4546).
2, 3, 379
Let c be 4/(-3*4/(-96)). Let i be (-102)/(20/c - 1). Suppose -8*m - i = -12*m. List the prime factors of m.
2, 17
Let x(y) = 2*y - 6. Let r be x(13). Suppose -3*m + r = -217. Let i = -3 + m. What are the prime factors of i?
2, 19
Suppose -9144876 = -114*r + 998616. What are the prime factors of r?
2, 17, 2617
List the prime factors of 16012/(-7)*(-1253)/358.
2, 4003
Let j(x) be the first derivative of x**4/4 - 4*x**3/3 - 15*x**2/2 - 4*x + 20. What are the prime factors of j(8)?
2, 3, 11
Let z(t) = -647*t - 860. Let n be z(-3). Let c be (-114)/(-10) - (-2)/(-5). Suppose -c*j = -1746 - n. List the prime factors of j.
257
Let o be (35/42)/(2/12). Suppose -4*v = 5*u + v - 95, 107 = o*u + v. Suppose -172 = 21*a - u*a. List the prime factors of a.
2, 43
List the prime factors of ((-10)/(-3))/(1 + 3/(-9)) - -148.
3, 17
Let v(b) = b**3 - 6*b**2 + 13. Suppose 4*j + 4 = -2*n, -n - 2 = 4*j + 2. Let w(c) = c + 7. Let o be w(j). What are the prime factors of v(o)?
13
Let a be (-4 + (2 - 0))*(-1)/(-2). Let l be -7 + 0 + 6 + (0 - a). Suppose l = -v + 4*v + 5*u - 362, -4*v + 496 = 4*u. List the prime factors of v.
3, 43
Suppose -j - 1 = i, 3*i + j - 3*j + 8 = 0. Let r be ((-3)/i)/(-6 - (-51)/8). Suppose r*x - 266 = -y, 2*y - 62 = -2*x + 74. What are the prime factors of x?
2, 3, 11
Let n be (2 - (-5)/(-1)) + 3. Let r(x) = 3*x**2 - x + 268. What are the prime factors of r(n)?
2, 67
Let i(m) = m**2 + 7*m + 3. Let g be i(-7). Let a = -232 - -240. Suppose a*b = g*b + 210. What are the prime factors of b?
2, 3, 7
Let h be (-2)/3*165/(-10). Suppose -5*b + 3*n - 13 = 0, 4*b - 5*n + 2 + h = 0. What are the prime factors of (12/(-2) + 4)/(b/89)?
89
Suppose 0 = -4*o + 710 + 206. Suppose 5*t = -3*l + 535, -4*t + o = -4*l - 199. List the prime factors of t.
107
Let u = 43758 - 21138. What are the prime factors of u?
2, 3, 5, 13, 29
Let i = -330 + 296. Let u(s) = -30*s - 69. List the prime factors of u(i).
3, 317
Let v = 25727 - 12851. List the prime factors of v.
2, 3, 29, 37
Let d = -54 + 68. Suppose -8*h + 186 = -d*h. Let x = h + 54. List the prime factors of x.
23
Suppose -h + 23 = 4*a, -2*a - a - h = -18. Suppose 0 = -4*p - 5*v - 21, -a*v + 2*v + 9 = 0. Let u = 43 + p. What are the prime factors of u?
2, 17
Let s be ((-3)/(-2))/(0 - -3)*2. Suppose 7 = 2*u + s. Suppose -5*m = -u*g - 60 - 97, -2*g = 3*m - 79. List the prime factors of m.
29
Suppose -s = 3*s - 4*t + 20, 0 = 5*s - t + 17. Let b be -1*(5 + (-6 - s) + -1). What are the prime factors of (28/(-7))/(b/21)?
2, 3, 7
Suppose t - 5 = -8. List the prime factors of (708 - 4 - t) + -1.
2, 353
Let n be -6*(-2)/(-2) - -2494. Suppose -3*a + h - 2*h + n = 0, -a - 2*h + 831 = 0. List the prime factors of a.
829
Suppose 11*o = -3*o + 109515 + 204813. What are the prime factors of o?
2, 3, 1871
What are the prime factors of ((-5)/(50/(-8)) - 644891/(-130))*2?
9923
What are the prime factors of (-4)/(17/(-431120)*5)?
2, 317
Suppose -3*u = -2*g + 527, 2*g + 2*u = 7*g - 1345. Suppose 5*p - 289 = g. Suppose -92*x + 96*x - p = 0. What are the prime factors of x?
2, 7
Let o(j) = 65*j - 45. Let l(r) = r**3 + 18*r**2 + 31*r - 14. Let n be l(-16). What are the prime factors of o(n)?
5, 17
Let g(l) = 38*l - 73*l - 36*l - 37 - 27. List the prime factors of g(-10).
2, 17, 19
Suppose -2*r = -r - 4*b - 32, 0 = 5*b + 5. Let n be (-18)/27*(2 + -5). Suppose -n*g = -180 + r. List the prime factors of g.
2, 19
Suppose -3*d - 3*p = -110586, -13*d + 25*p = 24*p - 479094. What are the prime factors of d?
2, 18427
Let d(y) = y**3 - 8*y**2 - 10*y - 17. Let h(u) = 10*u**3 - 2*u**2 + 2. Let s be h(1). What are the prime factors of d(s)?
83
Suppose -10*s - 57 + 307 = 0. Let g = s - -113. What are the prime factors of g?
2, 3, 23
Let u be (-3 + 1 + 1)/((-60)/300). Let d be (12/10)/(2/90). Suppose 3*h - 4*k = 200, -4*k - d = -u*h + 274. List the prime factors of h.
2
What are the prime factors of -983*(-58)/14 - (-48)/84?
4073
List the prime factors of (-3540573)/(-803) + (-12)/66.
4409
Let s(y) be the second derivative of 5*y**3/6 + 16*y**2 + 12*y + 2. What are the prime factors of s(7)?
67
Let c = -284 + 292. Suppose 4685 = c*r + 277. List the prime factors of r.
19, 29
Suppose 0 = -5*k + 25 - 30, 3*k + 130928 = 5*i. List the prime factors of i.
5, 5237
Suppose -27*d - 56951 = -294470. List the prime factors of d.
19, 463
Let o(d) = -9187*d - 46. List the prime factors of o(-1).
3, 11, 277
Let o be ((-21)/(-28))/((-36)/(-362640)). Suppose o = -1643*z + 1648*z. List the prime factors of z.
1511
Let n(v) = -5*v + 6056. Let k be n(0). Suppose -k = -21*h - 1415. List the prime factors of h.
13, 17
Suppose 0*p - t = 4*p - 16, 3*p + 11 = 5*t. Suppose -22*o = -21*o - 2*z - 330, -p = z. List the prime factors of o.
2, 3
Let b(r) = 2*r**2 - 10. Let f be b(-3). Suppose 0 = -2*x - f - 20. What are the prime factors of (x/(-8))/((-1)/(-16)*2)?
2, 7
Suppose h - 3*x - 66 = 19, 0 = 2*h + 4*x - 180. Let o = h + 181. Suppose 12*n - 1793 = -o. What are the prime factors of n?
127
Let p be (-7)/28 + 7515/12. Suppose i + 265 - p = -4*m, 5*m = -25. Suppose 5*c = -4*o + i, -o - 91 = -c - 13. List the prime factors of c.
7, 11
Suppose -2*x + 3*j = -52316, 5*j + 91445 = 5*x - 39350. What are the prime factors of x?
26161
Suppose h = 85 + 86. Suppose f = h + 94. What are the prime factors of f?
5, 53
Let s(h) be the third derivative of h**6/120 + h**5/15 - h**4/12 - h**3/3 - 26*h**2. Let u be s(-4). List the prime factors of (-4)/(-24) - (-779)/u.
2, 5, 13
Let d(a) = 2*a**2 - 177*a - 273. List the prime factors of d(-58).
23, 727
Let o(g) = g**2 - 5*g - 181. Let z be o(26). Let c = 496 - z. List the prime factors of c.
131
Let w(n) = n + 1. Let b = -64 + 65. Let u be w(b). Let q(c) = c**3 - 2*c**2 + 2*c - 1. What are the prime factors of q(u)?
3
Let t(d) = -3*d + 4. Let i be t(2). Let c be 4 - ((-1896)/(-4))/i. Let m = -90 + c. List the prime factors of m.
151
List the prime factors of (2204/(-87))/((24/(-23400))/(3/2)).
2, 3, 5, 13, 19
Let y(p) = -p**2 - 92*p - 399. List the prime factors of y(-24).
3, 137
Suppose -4*z + 2*s = -21 - 29, 0 = -s + 1. Suppose -z*l - 2200 = -17*l. Suppose -l = 14*c - 19*c. List the prime factors of c.
2, 5, 11
Suppose -56*w - 30132 = -62*w. What are the prime factors of w?
2, 3, 31
Let j(u) = 16*u**2 - 14*u + 5. Let q be ((-36)/(-20))/((-8)/((-560)/21)). What are the prime factors of j(q)?
7, 71
Let y(j) = -j**2 - 58 - 31 + 24 + 45*j. List the prime factors of y(22).
3, 7
Suppose 9*r + 846 = 11*r. Let a = 699 - r. List the prime factors of a.
2, 3, 23
Suppose 4*n = 5*t - 45797, 